
In base 12, what is -23407 - 4?
-2340b
In base 5, what is -12430230 + -13?
-12430243
In base 13, what is -5 - 1032?
-1037
In base 16, what is -127 - -56?
-d1
In base 8, what is -1043715 + 15?
-1043700
In base 11, what is -34931 + -1?
-34932
In base 2, what is -1 - -11000010101001?
11000010101000
In base 12, what is -4 - 84906?
-8490a
In base 15, what is -71 + a26?
9a5
In base 5, what is -214120 + -4?
-214124
In base 14, what is -20dd9 + -3?
-20ddc
In base 16, what is -10df70 - 1?
-10df71
In base 5, what is 31420 + -444?
30421
In base 7, what is -2221 + 104?
-2114
In base 7, what is -5126 + 35?
-5061
In base 6, what is 5 - 240510?
-240501
In base 15, what is -3042a - 6?
-30431
In base 5, what is -144 + 322?
123
In base 7, what is -313 - 5414?
-6030
In base 3, what is -1100000 - -2121?
-1020102
In base 15, what is -985 - -2a?
-95a
In base 9, what is 20017 + 11?
20028
In base 9, what is 527 - 203?
324
In base 7, what is -424 + 312?
-112
In base 9, what is 2 + -10433?
-10431
In base 10, what is -22461 - -14?
-22447
In base 9, what is -10 + -502?
-512
In base 4, what is 23 - 1013202?
-1013113
In base 11, what is -4797 - -1?
-4796
In base 9, what is 2 + 658377?
658380
In base 16, what is 5 + -2b05?
-2b00
In base 11, what is 20 - -2a34?
2a54
In base 4, what is 2 - 322?
-320
In base 3, what is -20000122 + 1221010?
-11002112
In base 16, what is 14 - -2fd3?
2fe7
In base 3, what is -11012 + -1?
-11020
In base 3, what is -1200002202000 - -10?
-1200002201220
In base 6, what is -1 + -10042?
-10043
In base 9, what is 71 - -31600?
31671
In base 8, what is -3 - -20164?
20161
In base 10, what is 190 + 6?
196
In base 10, what is 180441 + -4?
180437
In base 10, what is -1398 + 682?
-716
In base 10, what is -3 - -16708?
16705
In base 10, what is -16717 + -6?
-16723
In base 2, what is 101 + -10110101010110111111?
-10110101010110111010
In base 12, what is 79992 + 0?
79992
In base 7, what is 4 - -3066410?
3066414
In base 3, what is -22 - -12222222011?
12222221212
In base 6, what is 33 + 4241?
4314
In base 5, what is -4 + 1023031?
1023022
In base 4, what is 12 - 23330131?
-23330113
In base 3, what is 110221122 - -1212?
111000111
In base 10, what is 538 + -4049?
-3511
In base 11, what is 3114 + -22?
30a2
In base 12, what is 5 - 37554?
-3754b
In base 2, what is 101000000101 - -1000?
101000001101
In base 12, what is 2193 + -7?
2188
In base 6, what is 541 + 450?
1431
In base 4, what is -300 - 110002?
-110302
In base 13, what is -5355 - 1b?
-5373
In base 9, what is -1266408 + -3?
-1266412
In base 6, what is -325 + -13200?
-13525
In base 9, what is 60 - 5642?
-5572
In base 4, what is 121 + 101301?
102022
In base 3, what is 10201102 + -11?
10201021
In base 8, what is 202111 - 5?
202104
In base 15, what is -34 + 7b0?
77b
In base 15, what is -181 + -c7?
-258
In base 13, what is 451574 + 1?
451575
In base 11, what is 21 - a69?
-a48
In base 7, what is 302 + -332?
-30
In base 10, what is -73609 + 4?
-73605
In base 2, what is 11110 - 101000011100010?
-101000011000100
In base 11, what is 1820 + -707?
1114
In base 8, what is -4 - -151434?
151430
In base 6, what is 50354 - 11?
50343
In base 15, what is 62 - -7d26?
7d88
In base 16, what is -57da + d9?
-5701
In base 12, what is 1077 + 20?
1097
In base 14, what is -301 - 81?
-382
In base 2, what is -1001001000101 + 111?
-1001000111110
In base 7, what is 1121 - 26305?
-25154
In base 7, what is 164 + -635?
-441
In base 5, what is -143144 - -21?
-143123
In base 5, what is -1 - -14334144?
14334143
In base 14, what is 3d + -188?
-149
In base 3, what is 2020101 - -1022202?
10120010
In base 10, what is 363 + 6?
369
In base 11, what is -70 + 1344?
1284
In base 5, what is -101320 + 1?
-101314
In base 3, what is 12012101100 + -20?
12012101010
In base 7, what is -4 + -44061?
-44065
In base 11, what is -153 + -92a?
-a82
In base 3, what is -1222212 + 1100121?
-122021
In base 2, what is -100111100111100110 - 101?
-100111100111101011
In base 11, what is 4a3 - -8a?
582
In base 10, what is 3966 - -7?
3973
In base 4, what is -13232 - -311?
-12321
In base 4, what is -1002020111 - 11?
-1002020122
In base 4, what is -213033210 + 20?
-213033130
In base 3, what is -2 - -1020?
1011
In base 2, what is -11010111 + -1110110001111?
-1111001100110
In base 8, what is -722206 - 1?
-722207
In base 2, what is 11 + 1100000111011?
1100000111110
In base 14, what is -8131c + -13?
-81331
In base 13, what is 237a3 + -4?
2379c
In base 3, what is 21110 - -1022101?
1120211
In base 8, what is 2 - 26131?
-26127
In base 3, what is -22021 - -120121?
21100
In base 10, what is 13113 + -1?
13112
In base 9, what is 117727 - 1?
117726
In base 12, what is 4 + -b463?
-b45b
In base 10, what is 3764221 - -1?
3764222
In base 2, what is 10 - -10110101011000?
10110101011010
In base 10, what is -4 - 172589?
-172593
In base 15, what is ac + -24?
88
In base 7, what is 2 + -601554?
-601552
In base 10, what is 14061 + -102?
13959
In base 4, what is 310112 + -11?
310101
In base 10, what is -8 + 17363?
17355
In base 5, what is 13 + 44000?
44013
In base 16, what is 2 - -2ba1?
2ba3
In base 8, what is -1347 - 76?
-1445
In base 7, what is 21 - 1306162?
-1306141
In base 2, what is -1 - 11110101001001?
-11110101001010
In base 7, what is 4 - 60242?
-60235
In base 7, what is -21541101 + -1?
-21541102
In base 7, what is 35504 - -12?
35516
In base 12, what is -114449 - 1?
-11444a
In base 9, what is 26 - 88783?
-88756
In base 11, what is 268 - -3250?
3508
In base 6, what is 11553 - -3?
12000
In base 10, what is -10 - 143719?
-143729
In base 16, what is -40f94 - d?
-40fa1
In base 3, what is 2021 - 1012022?
-1010001
In base 2, what is 0 - -1010010011011111100?
1010010011011111100
In base 9, what is 40245 + -262?
38873
In base 10, what is 9584 + -6?
9578
In base 15, what is 4 - 3d8c?
-3d88
In base 8, what is 446 + 133?
601
In base 16, what is c06f + -2?
c06d
In base 15, what is 2b6 + -223?
93
In base 8, what is 33 + -127?
-74
In base 5, what is 213233422 + -1?
213233421
In base 8, what is -133 + -1421?
-1554
In base 15, what is -ca1a - -1?
-ca19
In base 16, what is 4c - -357e?
35ca
In base 12, what is 1844 - -3?
1847
In base 16, what is -d37 - -1b?
-d1c
In base 4, what is -22211121 - -1032?
-22210023
In base 3, what is 110222212 + 11?
111000000
In base 11, what is -6730 + 7?
-6724
In base 10, what is -7685 - 303?
-7988
In base 5, what is 34 - -4040131?
4040220
In base 8, what is -50207 - 0?
-50207
In base 8, what is 16 - 767527?
-767511
In base 9, what is 2404 + 1212?
3616
In base 2, what is 10100000111001 + -10101?
10100000100100
In base 8, what is -52 + 24202?
24130
In base 11, what is -2 + 1433?
1431
In base 4, what is 11 + 10120010?
10120021
In base 3, what is 10020 + -10021?
-1
In base 8, what is -4012 + 14?
-3776
In base 6, what is -3 + -21320131?
-21320134
In base 9, what is 11 - 40471?
-40460
In base 9, what is 86788 - 4?
86784
In base 9, what is 24618 + 6?
24625
In base 16, what is 16 + 8e0?
8f6
In base 12, what is -1 - -64340?
6433b
In base 4, what is -1112 - -302?
-210
In base 13, what is 1343a + 2?
1343c
In base 12, what is 1657 - 189?
148a
In base 12, what is 1ab1a + 72?
1ab90
In base 10, what is -556 + 110?
-446
In base 7, what is -1 + -530622?
-530623
In base 13, what is -22c6 + 862?
-1764
In base 5, what is -2 + -120143?
-120200
In base 6, what is 4 - 212413?
-212405
In base 14, what is -5 - 9293?
-9298
In base 5, what is 12320432 - -34?
12321021
In base 16, what is 6 + -5df?
-5d9
In base 8, what is -10607 + 106?
-10501
In base 13, what is -5b00 - -63?
-5a6a
In base 3, what is 211111012 + 101?
211111120
In base 4, what is -123320 + -122?
-130102
In base 4, what is -1230311 - 0?
-1230311
In base 9, what is 87142 + -3?
87138
In base 2, what is 10001011101 + -100?
10001011001
In base 9, what is 80 - 371?
-281
In base 7, what is -36303 - 225?
-36531
In base 3, what is -11 + 2011112000121?
2011112000110
In base 12, what is -26589 - 0?
-26589
In base 11, what is 5 + -6a66a?
-6a665
In base 12, what is 608 + 43?
64b
In base 7, what is 22 + -6143?
-6121
In base 16, what is bf90 - -4?
bf94
In base 16, what is 0 - 24e2?
-24e2
In base 16, what is -822a + 1?
-8229
In base 15, what is -2 + 104a53?
104a51
In base 3, what is -1222001102102 + 0?
-1222001102102
In base 6, what is -32 - 51533?
-52005
In base 4,